000
What is 102101220000 (base 3) in base 8?
666303
What is -41244 (base 9) in base 4?
-12220213
What is 21301121 (base 4) in base 3?
2000220102
What is 9999110 (base 10) in base 6?
554152102
10123012302 (base 4) to base 9
2156606
-45ba1 (base 12) to base 13
-33601
Convert 862 (base 14) to base 13.
9a3
170205 (base 9) to base 4
121222313
What is -10766 (base 16) in base 12?
-33032
What is 3bac6 (base 13) in base 10?
111702
Convert -1201610 (base 7) to base 11.
-a4148
Convert -100033404 (base 5) to base 3.
-201222001210
d41a (base 15) to base 4
22330000
Convert 32121341 (base 5) to base 14.
70697
What is 45449 (base 10) in base 8?
130611
What is -4874657 (base 9) in base 10?
-2647537
-13243340002 (base 5) to base 13
-3625721
What is -138a82 (base 14) in base 11?
-422794
9769194 (base 10) to base 11
5572816
-10b5 (base 15) to base 8
-6731
Convert 425657 (base 8) to base 10.
142255
What is 4140a4 (base 14) in base 13?
5c098a
What is 23025143 (base 6) in base 16?
abc57
20034 (base 7) to base 12
2963
Convert -50472162 (base 8) to base 11.
-6011a86
What is -174926 (base 10) in base 2?
-101010101101001110
333215 (base 7) to base 12
2a00b
What is -5071112 (base 8) in base 3?
-2112002002211
What is 143072 (base 13) in base 7?
4120022
22210012022011 (base 3) to base 10
4668736
Convert 1003030140 (base 5) to base 6.
110524052
What is 1113342 (base 5) in base 12?
b59b
Convert -2545302 (base 11) to base 2.
-10000110101101000001001
What is ba56a (base 12) in base 9?
414621
Convert d9f39 (base 16) to base 14.
1934a5
-833017 (base 9) to base 4
-1320223012
cbbd2 (base 15) to base 7
5334110
Convert 2022100110100 (base 3) to base 14.
23d360
Convert -1010525 (base 10) to base 8.
-3665535
What is 1110000100011101001 (base 2) in base 4?
1300203221
Convert -15ac87 (base 13) to base 11.
-3383aa
Convert 13882cc (base 14) to base 12.
3209b90
-550aa22 (base 11) to base 13
-200abc1
What is -151477 (base 12) in base 11?
-222713
What is 485098 (base 10) in base 4?
1312123222
Convert -312434004 (base 5) to base 4.
-10330130001
-101012221000012 (base 3) to base 13
-1182056
363865 (base 9) to base 2
110101100100001111
1c6e9e (base 16) to base 11
1062a43
What is a881 (base 12) in base 10?
18529
Convert 101000110110110001010 (base 2) to base 6.
44405550
What is 9b1b (base 14) in base 11?
19214
10eb8 (base 15) to base 3
2202000002
Convert -2b29b0a (base 13) to base 11.
-7887690
5862638 (base 10) to base 13
12a3622
What is -244fd2 (base 16) in base 14?
-45d36a
Convert 16493b (base 15) to base 8.
4072662
Convert -120257 (base 11) to base 8.
-564255
-103148 (base 9) to base 6
-1152025
521211410 (base 6) to base 5
4302144242
What is 12efa6 (base 16) in base 12?
4ba206
What is 420bf (base 16) in base 10?
270527
What is 110000011011111011100 (base 2) in base 9?
2878155
Convert -37340 (base 10) to base 9.
-56188
8ed0 (base 15) to base 4
13122021
-24bb8 (base 15) to base 14
-30ad8
What is 17c0e8a (base 15) in base 3?
1012120210111111
Convert 6c260 (base 14) to base 2.
1000000011011011100
What is 9422c (base 13) in base 4?
1000333211
Convert 1030224342 (base 5) to base 4.
20120002031
-37b21c (base 13) to base 10
-1338336
Convert -1f96 (base 16) to base 14.
-2d38
What is -123011213012 (base 4) in base 8?
-33054706
What is -365721 (base 9) in base 15?
-45614
-3110332103 (base 4) to base 3
-1122022121212
What is 70879 (base 10) in base 16?
114df
Convert 102100023 (base 4) to base 3.
10210120000
Convert -ffc3 (base 16) to base 8.
-177703
Convert 18c60a (base 15) to base 2.
100100110011111011011
Convert -1122010021112 (base 3) to base 11.
-543523
What is -101110001111011110001 (base 2) in base 13?
-4108c8
Convert 236659 (base 10) to base 5.
30033114
-b68414 (base 14) to base 6
-340121350
What is -115834 (base 10) in base 11?
-7a034
What is -29022 (base 14) in base 11?
-6a336
-18ef8 (base 16) to base 12
-4b134
Convert -3924224 (base 11) to base 16.
-67bea8
Convert 779941 (base 13) to base 6.
140241021
What is -352131 (base 7) in base 6?
-1204303
What is 146167 (base 12) in base 9?
571567
What is -334136 (base 10) in base 11?
-209050
220dc1 (base 15) to base 7
16540042
What is 7b742d (base 15) in base 10?
5897068
Convert 42085 (base 11) to base 8.
167607
Convert 27a1855 (base 11) to base 14.
8d6400
110010010110100000011 (base 2) to base 12
676997
Convert 72201 (base 9) to base 11.
327a6
What is 23cac (base 15) in base 10?
114237
What is -70d428 (base 15) in base 9?
-11070122
What is 1210200202001 (base 3) in base 12?
3a27a7
Convert 102112311 (base 5) to base 9.
718264
-63453462 (base 7) to base 2
-10100100000001011110011
154ac8 (base 13) to base 9
878724
-204c54b (base 13) to base 12
-3344592
What is 16166645 (base 7) in base 13?
429596
Convert 10111212001 (base 3) to base 12.
34024
4400010001 (base 5) to base 4
203300332022
Convert 289b83 (base 12) to base 9.
1246770
Convert 202101020122 (base 3) to base 12.
174175
What is -30010411 (base 5) in base 4?
-321121202
-27320 (base 11) to base 3
-1222110212
72151b (base 13) to base 14
4d3179
What is 3523504 (base 6) in base 4?
230200000
Convert -8c19ca (base 14) to base 16.
-48c20e
-573dc (base 16) to base 7
-3015544
-9156 (base 16) to base 9
-56030
25009 (base 13) to base 5
4134431
-255634 (base 7) to base 4
-23220211
155341 (base 11) to base 8
727247
Convert -1a547 (base 14) to base 2.
-10000010101010011
353010 (base 8) to base 7
1010545
What is -224091 (base 11) in base 4?
-1113013020
Convert 6cb7e (base 16) to base 14.
b83dc
What is 23064 (base 11) in base 14?
c21b
1021103111 (base 4) to base 3
120020212012
-6271150 (base 8) to base 16
-197268
Convert 157067 (base 9) to base 16.
17afa
-233341224 (base 5) to base 4
-10012112010
-133654634 (base 7) to base 3
-121101011011012
50b9ed (base 15) to base 2
1110101000100101011000
Convert 494c1 (base 15) to base 4.
321013210
What is -2344367 (base 10) in base 12?
-95083b
8795262 (base 10) to base 15
b8b00c
-492c5a (base 13) to base 15
-248213
What is -4050060 (base 7) in base 11?
-2aa687
26036015 (base 7) to base 13
6492aa
Convert -4c4c (base 16) to base 10.
-19532
Convert 151855 (base 12) to base 15.
704c2
-100020101221221 (base 3) to base 2
-10010101110100000000001
409470 (base 13) to base 3
2211111110010
Convert bdb2c6 (base 14) to base 7.
105535436
31154 (base 14) to base 7
1001534
What is 1000444 (base 8) in base 15?
52b5b
-a57c7 (base 14) to base 10
-399427
Convert 14aac1 (base 14) to base 6.
23242121
What is -22c098 (base 16) in base 8?
-10540230
-69b376 (base 12) to base 7
-20304531
What is 1d455 (base 15) in base 7?
545240
What is -4dd0d (base 15) in base 6?
-5202121
What is 5c2555 (base 16) in base 9?
12323684
Convert -2341700 (base 8) to base 5.
-130434221
Convert 54143145 (base 6) to base 2.
110000110100111101001
Convert -130133232 (base 4) to base 11.
-7a768
Convert 3465878 (base 11) to base 7.
102314301
What is -1243903 (base 11) in base 16?
-20eb00
367452 (base 8) to base 4
132330222
Convert -156400 (base 10) to base 15.
-3151a
12091ba (base 12) to base 13
956b03
What is 624060 (base 10) in base 9?
1151040
What is -11311003120 (base 4) in base 10?
-1528024
What is 1101222011111 (base 3) in base 10?
747346
What is -112245521 (base 6) in base 12?
-8408a1
1544824 (base 11) to base 2
1010000100111100100010
Convert 74d7 (base 15) to base 12.
12387
What is -102000220210 (base 3) in base 16?
-3505e
What is 22002011112 (base 3) in base 15?
321ce
What is -26496 (base 12) in base 10?
-52530
Convert -3e9073 (base 15) to base 14.
-587898
Convert 1040021 (base 7) to base 2.
11111000100100100
-28285a (base 12) to base 9
-1227567
ddb80 (base 14) to base 7
4365420
Convert 105441453 (base 7) to base 11.
36a2329
Convert 44dc8 (base 15) to base 12.
a6975
-10211200111222 (base 3) to base 9
-3750458
What is -743130 (base 8) in base 13?
-887a7
1111101111000100110 (base 2) to base 6
15015050
What is -35244a (base 14) in base 6?
-102500214
What is -10243241 (base 5) in base 3?
-11102210010
What is 111000111001111001 (base 2) in base 12?
b2a75
bef8a8 (base 16) to base 3
212112212000220
What is -2221200010022 (base 3) in base 7?
-16220630
-6cec (base 15) to base 8
-55204
-132368 (base 11) to base 13
-73928
What is -247302 (base 9) in base 10?
-149690
What is 27169d (base 16) in base 14?
4a97c1
What is -1000110